be c(q). Let m(n) = -7*n**3 - n**2 + 1. Calculate m(o).
-7
Let v(z) = -2*z**3 - 88*z**2 - 318*z + 46. Let r be v(-40). Let j(h) = -2*h**2 - 67*h + 22. Give j(r).
-12
Let f(o) = o**3 + 13*o**2 + 4. Let l = 793 + -744. Suppose -l*d + 8 - 645 = 0. What is f(d)?
4
Let o(l) be the first derivative of 6*l**2 - l + 7668. Suppose -4*s + 2*m = -0*m - 8, 3*s - 6 = 5*m. Calculate o(s).
23
Let z(r) = 2*r**3 + 33*r**2 - 18*r + 6. Let w = 10318 + -10335. What is z(w)?
23
Suppose 0 = 34*w - 203 + 33 - 34. Let a(n) be the third derivative of 7/24*n**4 + 1/10*n**5 + 4/3*n**3 + 0 - 1/120*n**w + n**2 + 0*n. Calculate a(7).
8
Let t(h) = 9*h + 26 - h**2 + 53 - 106 + 28. Let b be (-1)/((-4)/(-40)*-2). Give t(b).
21
Suppose -251 = -14*q + 127. Let h(b) = 0 + 20*b**2 - 48*b**2 - 2 - 2*b + q*b**2. What is h(-2)?
-2
Suppose -6*y + 92 = 38. Suppose 109*s = 112*s - y. Let o(j) = -2*j**3 - 4*j + 0*j**3 + 2*j**2 + j**3 + 3*j**2 - 1. Calculate o(s).
5
Suppose -6*w + 3*w + 15 = 0. Suppose f - 24 = s, -w*f - 4*s + 152 = 5. Let t = f + -29. Let c(o) = -o**2 + 2*o + 2. Calculate c(t).
-6
Let a(r) = -16*r + 28. Let b(p) = 2*p - 3. Let s(v) = 6*a(v) + 44*b(v). What is s(4)?
4
Let s(n) = -21*n + 28. Let t(u) = 17*u - 28. Let h(i) = -3*s(i) - 4*t(i). Let r(o) = 4*o - 34. Let j(f) = -6*h(f) - 5*r(f). What is j(-1)?
-8
Let y be -2*(-3)/(-2 - -5). Let s(o) = -22*o**2 + 21*o**y + 1 - 3 + 1. Calculate s(-1).
-2
Let w(o) = -o**2 + 9*o + 6. Suppose 103 = 3*v - 2*c, 3*v + 3*c - 69 = 24. Let p be 43 + 2/(2 + -4). Let l = p - v. Calculate w(l).
6
Let n(b) = 2*b**2 + 7*b + 3. Let c = -667 - -663. Let d(a) = -3*a**2 - 8*a - 3. Let h(l) = c*n(l) - 3*d(l). What is h(-2)?
9
Let g(p) = 4*p + 21. Suppose -6 = 5*j + 14. Let b be g(j). Suppose b*u + 6*u = 22. Let s(y) = -4*y - 1. Determine s(u).
-9
Let j(d) = -3*d + 57. Let n(m) = -6*m + 121. Let h(v) = -10*j(v) + 4*n(v). Calculate h(15).
4
Let n(c) = 11*c + 10. Let b = 36 - 30. Let g(q) = 10*q + 8. Let l(k) = b*n(k) - 7*g(k). Determine l(3).
-8
Let g(q) = q**2 + 19701 + 10*q - 3*q + q - 19710. Suppose s + 0 = r - 5, 35 = -3*s - 2*r. Calculate g(s).
0
Let z(f) = f**3 + 7*f**2 - 6. Let y be z(-7). Suppose -9*n = 2*n - 22. Let u(j) = 6 + 6*j - 7*j - 1 - n*j. Give u(y).
23
Let x(u) be the first derivative of 7*u**3/3 - 21*u**2/2 + u + 2672. Calculate x(3).
1
Suppose -194*f = -188*f - 54. Let c be 154/(-16) - f/(-72)*-3. Let z(o) = o + 11. Determine z(c).
1
Suppose 12 = 4*z - 3*z. Let s(l) = 25*l**2 - 2*l + 61. Let a(t) = 2*t**2 - t + 4. Let f(y) = -13*a(y) + s(y). Give f(z).
-3
Let l(o) = 2*o - 3. Suppose -9*y + x = -6*y - 10, 5*x - 40 = -3*y. Suppose 5*h = -2*w, w - 2*w - y = 0. Determine l(h).
1
Let g(n) = 45*n**2 - 26*n**2 - 30*n**2 - 4 + 3 - 2*n. Let v be ((-502)/1757)/((-4)/(-14)). Give g(v).
-10
Let i = 5119 + -5112. Let p(n) = -9*n + 56. Give p(i).
-7
Let w(l) = l**3 - l**2 - l - 1. Suppose -15*a + 72 = -18*a. Let j be (-44)/a + (-2)/(-12). Suppose 3*k = -2*p + 2, 4*k - j*k = p + 6. Determine w(k).
1
Let w(f) = -f**2 - 12*f + 39. Let r be (-31)/((-465)/(-120)) + -6*1. Calculate w(r).
11
Suppose 9 + 39 = 16*m. Let i(g) = -2*g**3 + 7*g**2 + 2*g - 9. Calculate i(m).
6
Let m(f) = -11*f**2 - f + 6. Let j(u) be the first derivative of -13*u**3/3 - u**2 + 6*u + 41. Let g(o) = 5*j(o) - 6*m(o). What is g(7)?
15
Let y = -94 + 145. Suppose 50*t - y*t = 3. Let q(w) = 2*w**3 + 2*w**2 - 3*w + 2. Give q(t).
-25
Suppose 3*t - 3*g + g = -40, 2*g = -2*t - 20. Let x(q) be the second derivative of -q**4/12 - 2*q**3 - 11*q**2/2 + 9987*q. Determine x(t).
-11
Suppose 0 = -7*h + 20*h - 104. Let g = -1 + h. Let p(u) = -u**2 + 5*u + 16. What is p(g)?
2
Let u(z) = -6*z + 14. Let n(h) be the third derivative of 5/24*h**4 + 0 - 5*h**2 + 0*h - 13/6*h**3. Let g(b) = -7*n(b) - 6*u(b). Determine g(0).
7
Let n(a) = -12*a - 136. Let h be n(-12). Let f(p) be the third derivative of p**5/60 - p**4/4 - 5*p**3/3 + 2*p**2. Determine f(h).
6
Suppose -3*g + 5*r + 409 = 0, -3*r + 401 = 3*g - 4*r. Let k = -2144 + 2285. Let l(o) = -k*o - o**2 - 3 + g*o - 2. What is l(-6)?
7
Let k be -1*21/3*-36. Let j(f) = k*f - 251*f + 4 + 3. Calculate j(0).
7
Let y be 4/(21/(168/(-32))). Let n(c) = 13*c**2. Give n(y).
13
Suppose 16 = -5*g - 9. Let x(s) = -s - 5. Let f(i) = -112*i + 226*i - 115*i - 11. Let j(b) = -2*f(b) + 5*x(b). Give j(g).
12
Let f(x) = -11*x - 26. Let l(b) = -b**3 - 19*b**2 + 15*b - 105. Let p be l(-20). Give f(p).
29
Suppose -4*q = -0*q - 40. Let a(r) = r - 12*r**2 + q*r**2 + 5*r - 1. Let s(w) = w**2 - w + 1. Let d(l) = -a(l) - 3*s(l). Give d(-3).
-2
Let v(c) = 24*c + 6*c**2 - 24*c + 1. Suppose 814*p - 121 = 693*p. Determine v(p).
7
Let h(w) be the third derivative of w**7/2520 - 7*w**6/720 + w**5/6 + 4*w**2. Let n(m) be the third derivative of h(m). Let o = -174 - -179. Calculate n(o).
3
Suppose 0 = i - g + 5 - 0, 0 = -2*i - g + 5. Suppose i = z - 2*z - 5*z. Suppose 2*q - 7*q - 5 = z. Let w(v) = -11*v**2 + 1. What is w(q)?
-10
Let q(y) be the third derivative of -y**5/60 - 3*y**4/8 + y**3/3 + 6*y**2. Suppose -40*i = -88*i + 49*i + 10. What is q(i)?
-8
Suppose 14*n - 126 = -0*n. Let t(q) = n + 191*q - q**2 - 190*q + 0. Determine t(4).
-3
Let w(l) = -l**2 + 9*l + 1. Let k(c) = c**3 - 7*c**2 + 9*c + 8. Let t be k(5). Suppose 3*x - 21 = -t*u, 2*x - 2*u = x + 10. What is w(x)?
9
Let n(p) = 2*p - 1. Let w(j) = 2*j**2 + 3*j + 18. Let f be w(0). Suppose 96*h - f = 94*h. Let k = -11 + h. Calculate n(k).
-5
Suppose -9 = -2*f + 3*r, -5*f + 116*r - 113*r + 9 = 0. Let k(o) be the third derivative of o**6/120 - o**5/60 - o**4/24 + 2*o**3 + 8*o**2. Determine k(f).
12
Let w(p) = -6*p**2 - 75*p - 19. Suppose 3*m = -r - 10, -4*r = -4*m + 7*m + 49. Let i(a) = a**2 + 12*a + 3. Let u(s) = r*i(s) - 2*w(s). Calculate u(-5).
4
Let u(i) = 17*i - 399*i**2 + 400*i**2 - 372 + 395. Give u(-2).
-7
Let m be (-4)/(-6) - 21/(-9). Suppose 6 = -m*r + 6*r. Suppose r*t + u = -1, 0 = -5*t + u + 4*u - 10. Let c(f) = 6*f. Give c(t).
-6
Let x = 13175 - 13170. Let w(b) be the first derivative of -1/3*b**3 + 7/2*b**2 - 32 - x*b. Calculate w(7).
-5
Let o(h) = 0*h**2 - 2*h - 3 + h**3 + 0*h**3 + 7*h**2. Let d(a) = -218*a + 452*a - 22 + a**2 - 230*a + 3. Let k be d(2). Give o(k).
11
Suppose -5*m = c - 3, -2 = -3*c + m - 9. Let w be (-7 - 33/(-6)) + (-15)/c. Let k(o) = o**3 - 6*o**2 + o + 1. What is k(w)?
7
Let n(k) = k**2 - 6*k - 1. Suppose 9 = -3*x + 2*r, 4*r - 2 - 8 = -2*x. Let t(c) = 2*c**2 - 4*c - 1. Let p be t(x). Determine n(p).
-6
Let j be (1 + 0 + 0)/((-29)/(-116)) - 1. Let h(q) = -q**2 + 7*q - 11. Determine h(j).
1
Let p be (-6 - -41)/7 - -6. Let f(z) be the first derivative of z + p - 3/2*z**2. Calculate f(-1).
4
Let l = -4230 + 4230. Let m(i) = i + 5. Calculate m(l).
5
Let a(c) be the third derivative of -c**5/60 - 3*c**4/8 - 3*c**3/2 + 342*c**2 - 2*c. Determine a(-7).
5
Let j(r) = -r**2 + 3*r + 9. Let d(g) = 7*g - 101. Let a be d(15). Let t be (-12)/6*(-6)/4 + a. Determine j(t).
-19
Suppose -13*p + 5*p + 16 = 0. Suppose -g = -5*z - 390, 4*g + 13*z - 1608 = 9*z. Let o(i) = -4*i**3 + 401 - g - i**3 + p*i. Determine o(-1).
4
Let y(d) = -50*d**2 - 48*d - 1. Let k(r) = -8*r**2 - 8*r. Let t(h) = 19*k(h) - 3*y(h). What is t(-9)?
-87
Let g(o) = o**2 + 2*o - 3. Suppose 130 = -10*s - 60. Let z be -5 + ((-19)/s - 10/(-2)). Determine g(z).
0
Let i(p) = 19*p**2 - 5*p + 26. Let w(f) = -35*f**2 + 10*f - 48. Let a(x) = -11*i(x) - 6*w(x). Calculate a(2).
-4
Suppose 3097 + 413 = -38*r + 272*r. Let v(n) = -n**3 + 15*n**2 - 5*n + 65. Determine v(r).
-10
Let k(v) = -11*v**2 - 1287*v - 5. Let a be k(-117). Let i(o) = o**3 + 6*o**2 + 21*o + 90. Give i(a).
10
Suppose 12*q - 15 = 7*q - w, 4*q + 2*w = 6. Let v(l) = -10*l + 38. Give v(q).
-2
Let s(c) = 0*c + c - 10 + 2*c. Suppose -17*l - 1257 - 443 = 0. Let f be l/(-14) - 2*(-4)/(-56). Determine s(f).
11
Let t(v) = -3*v**2 - 28*v + 18. Let f be (50/(-4))/(70/56). Give t(f).
-2
Let h(r) = -1070*r - 8*r**2 + 2 + 1069*r + 6 + 3*r**2. Let n = 5 + 1. Let i(z) = -14*z**2 - 2*z + 23. Let g(b) = n*i(b) - 17*h(b). What is g(-3)?
-4
Let p(a) = -18*a - 291. Suppose w = -145*q + 146*q + 15, -5*w = -q - 11. Give p(q).
-3
Let n(l) be the first derivative of l**5/60 - l**4/4 - l**3/3 - 31*l**2 - 67. Let r(t) be the second derivative of n(t). Give r(5).
-7
Suppose 3*h + 1 = 9*c - 8*c, 2*c - 6 = 2*h. Suppos